81779?
7
What is the hundred thousands digit of 205229?
2
What is the thousands digit of 2153544?
3
What is the millions digit of 1235436?
1
What is the tens digit of 692778?
7
What is the thousands digit of 79936?
9
What is the ten millions digit of 28558022?
2
What is the units digit of 5965994?
4
What is the tens digit of 115348?
4
What is the millions digit of 4259660?
4
What is the tens digit of 4872692?
9
What is the thousands digit of 151895?
1
What is the hundreds digit of 7580082?
0
What is the units digit of 463058?
8
What is the ten thousands digit of 14603702?
0
What is the units digit of 9060227?
7
What is the units digit of 470879?
9
What is the ten thousands digit of 525838?
2
What is the ten thousands digit of 263215?
6
What is the hundreds digit of 1116671?
6
What is the hundred thousands digit of 3290057?
2
What is the millions digit of 16095325?
6
What is the thousands digit of 1274248?
4
What is the hundred thousands digit of 1881257?
8
What is the units digit of 827714?
4
What is the units digit of 1780411?
1
What is the ten thousands digit of 497230?
9
What is the millions digit of 6043628?
6
What is the hundreds digit of 896780?
7
What is the ten thousands digit of 357916?
5
What is the ten thousands digit of 402645?
0
What is the tens digit of 1072460?
6
What is the thousands digit of 2161666?
1
What is the ten thousands digit of 285491?
8
What is the tens digit of 1323403?
0
What is the ten millions digit of 17160380?
1
What is the hundreds digit of 56280?
2
What is the ten thousands digit of 12899784?
9
What is the tens digit of 179337?
3
What is the ten millions digit of 12295170?
1
What is the tens digit of 255281?
8
What is the hundreds digit of 3010094?
0
What is the ten millions digit of 24053511?
2
What is the hundreds digit of 638748?
7
What is the thousands digit of 23156795?
6
What is the thousands digit of 21870?
1
What is the hundreds digit of 67990?
9
What is the units digit of 58090?
0
What is the millions digit of 9468920?
9
What is the hundreds digit of 232448?
4
What is the thousands digit of 302736?
2
What is the hundred thousands digit of 198194?
1
What is the tens digit of 246311?
1
What is the units digit of 264349?
9
What is the tens digit of 57185?
8
What is the tens digit of 2781115?
1
What is the hundreds digit of 709830?
8
What is the hundreds digit of 7374067?
0
What is the hundred thousands digit of 1385411?
3
What is the hundreds digit of 206310?
3
What is the tens digit of 8212247?
4
What is the thousands digit of 510150?
0
What is the units digit of 3975140?
0
What is the thousands digit of 1072652?
2
What is the thousands digit of 210284?
0
What is the thousands digit of 80824?
0
What is the hundreds digit of 104180?
1
What is the hundreds digit of 2424100?
1
What is the thousands digit of 1976779?
6
What is the thousands digit of 13176700?
6
What is the hundreds digit of 323204?
2
What is the units digit of 546840?
0
What is the units digit of 1085213?
3
What is the ten thousands digit of 8862813?
6
What is the tens digit of 352563?
6
What is the hundred thousands digit of 250947?
2
What is the hundreds digit of 7852936?
9
What is the millions digit of 16954002?
6
What is the hundred thousands digit of 166273?
1
What is the units digit of 686639?
9
What is the units digit of 453478?
8
What is the hundred thousands digit of 142968?
1
What is the units digit of 1712?
2
What is the ten thousands digit of 1548747?
4
What is the hundred thousands digit of 165849?
1
What is the thousands digit of 881339?
1
What is the hundred thousands digit of 666016?
6
What is the millions digit of 1623808?
1
What is the hundred thousands digit of 1028300?
0
What is the millions digit of 3769008?
3
What is the ten thousands digit of 7580685?
8
What is the ten thousands digit of 3166150?
6
What is the units digit of 459359?
9
What is the hundreds digit of 1292338?
3
What is the millions digit of 9437695?
9
What is the tens digit of 25074469?
6
What is the millions digit of 18007953?
8
What is the units digit of 15916416?
6
What is the millions digit of 10607953?
0
What is the hundred thousands digit of 6574758?
5
What is the millions digit of 19804700?
9
What is the millions digit of 4661014?
4
What is the hundred thousands digit of 6378228?
3
What is the millions digit of 4255135?
4
What is the thousands digit of 186370?
6
What is the thousands digit of 2309434?
9
What is the tens digit of 156029?
2
What is the units digit of 215148?
8
What is the hundred thousands digit of 732844?
7
What is the hundred thousands digit of 17896171?
8
What is the ten millions digit of 14222554?
1
What is the millions digit of 1023924?
1
What is the ten thousands digit of 2146470?
4
What is the ten thousands digit of 121629?
2
What is the units digit of 654746?
6
What is the hundred thousands digit of 957034?
9
What is the thousands digit of 1122819?
2
What is the ten thousands digit of 699346?
9
What is the tens digit of 5611147?
4
What is the tens digit of 371329?
2
What is the thousands digit of 982440?
2
What is the millions digit of 10786680?
0
What is the thousands digit of 30484190?
4
What is the hundreds digit of 27371713?
7
What is the units digit of 226130?
0
What is the hundred thousands digit of 4292095?
2
What is the units digit of 2660040?
0
What is the ten thousands digit of 4252813?
5
What is the ten thousands digit of 344758?
4
What is the hundred thousands digit of 8012601?
0
What is the ten thousands digit of 6001074?
0
What is the thousands digit of 3482403?
2
What is the tens digit of 753739?
3
What is the millions digit of 30901819?
0
What is the tens digit of 73412?
1
What is the units digit of 76571?
1
What is the tens digit of 1355242?
4
What is the tens digit of 4790526?
2
What is the thousands digit of 263623?
3
What is the ten millions digit of 12975350?
1
What is the ten thousands digit of 175576?
7
What is the thousands digit of 717590?
7
What is the ten thousands digit of 28082178?
8
What is the hundreds digit of 4166129?
1
What is the ten thousands digit of 826078?
2
What is the ten thousands digit of 321915?
2
What is the hundred thousands digit of 1811093?
8
What is the hundreds digit of 15273?
2
What is the thousands digit of 380780?
0
What is the ten millions digit of 12633715?
1
What is the ten thousands digit of 63251?
6
What is the hundred thousands digit of 296130?
2
What is the tens digit of 4079718?
1
What is the hundreds digit of 237531?
5
What is the thousands digit of 7421471?
1
What is the millions digit of 3573298?
3
What is the thousands digit of 13165638?
5
What is the ten thousands digit of 7336350?
3
What is the millions digit of 7616544?
7
What is the ten thousands digit of 2338518?
3
What is the thousands digit of 152481?
2
What is the hundreds digit of 40803?
8
What is the thousands digit of 284511?
4
What is the hundred thousands digit of 466608?
4
What is the hundreds digit of 6936861?
8
What is the hundred thousands digit of 196037?
1
What is the millions digit of 13586695?
3
What is the units digit of 426175?
5
What is the thousands digit of 789803?
9
What is the units digit of 380030?
0
What is the tens digit of 1221605?
0
What is the tens digit of 1335926?
2
What is the units digit of 1589727?
7
What is the ten thousands digit of 321918?
2
What is the millions digit of 2478991?
2
What is the tens digit of 1002018?
1
What is the hundred thousands digit of 272514?
2
What is the units digit of 7911039?
9
What is the ten thousands digit of 827328?
2
What is the ten thousands digit of 1318076?
1
What is the hundreds digit of 324846?
8
What is the millions digit of 1519605?
1
What is the ten thousands digit of 258611?
5
What is the tens digit of 4699663?
6
What is the thousands digit of 20204055?
4
What is the ten thousands digit of 257074?
5
What is the hundreds digit of 1651369?
3
What is the units digit of 1094547?
7
What is the tens digit of 169450?
5
What is the units digit of 379299?
9
What is the thousands digit of 247449?
7
What is the thousands digit of 189301?
9
What is the hundreds digit of 101920?
9
What is the ten thousands digit of 308256?
0
What is the hundreds digit of 1902622?
6
What is the hundred thousands digit of 194750?
1
What is the tens digit o